 2366 is divided by 8?
6
Calculate the remainder when 283 is divided by 41.
37
What is the remainder when 158 is divided by 71?
16
Calculate the remainder when 569 is divided by 194.
181
What is the remainder when 5475 is divided by 130?
15
What is the remainder when 1070 is divided by 24?
14
What is the remainder when 195 is divided by 85?
25
What is the remainder when 87 is divided by 39?
9
What is the remainder when 4115 is divided by 59?
44
Calculate the remainder when 601 is divided by 31.
12
What is the remainder when 1305 is divided by 33?
18
Calculate the remainder when 612 is divided by 56.
52
Calculate the remainder when 350 is divided by 6.
2
What is the remainder when 1106 is divided by 41?
40
Calculate the remainder when 349 is divided by 7.
6
What is the remainder when 106 is divided by 10?
6
What is the remainder when 2272 is divided by 91?
88
What is the remainder when 752 is divided by 126?
122
What is the remainder when 285 is divided by 79?
48
What is the remainder when 2407 is divided by 73?
71
What is the remainder when 122 is divided by 49?
24
Calculate the remainder when 2718 is divided by 130.
118
Calculate the remainder when 104 is divided by 5.
4
What is the remainder when 1087 is divided by 40?
7
Calculate the remainder when 1302 is divided by 129.
12
What is the remainder when 28 is divided by 7?
0
What is the remainder when 346 is divided by 116?
114
What is the remainder when 564 is divided by 244?
76
What is the remainder when 3904 is divided by 54?
16
What is the remainder when 657 is divided by 12?
9
What is the remainder when 45 is divided by 10?
5
What is the remainder when 1122 is divided by 277?
14
Calculate the remainder when 4003 is divided by 8.
3
Calculate the remainder when 91 is divided by 62.
29
Calculate the remainder when 1286 is divided by 117.
116
What is the remainder when 221 is divided by 59?
44
Calculate the remainder when 2921 is divided by 20.
1
What is the remainder when 3710 is divided by 47?
44
Calculate the remainder when 605 is divided by 54.
11
Calculate the remainder when 1141 is divided by 129.
109
Calculate the remainder when 156 is divided by 84.
72
What is the remainder when 26654 is divided by 215?
209
Calculate the remainder when 697 is divided by 20.
17
What is the remainder when 60896 is divided by 50?
46
Calculate the remainder when 33039 is divided by 112.
111
What is the remainder when 470 is divided by 95?
90
What is the remainder when 846 is divided by 108?
90
What is the remainder when 442 is divided by 220?
2
Calculate the remainder when 82 is divided by 27.
1
Calculate the remainder when 2927 is divided by 101.
99
What is the remainder when 1421 is divided by 57?
53
What is the remainder when 1767 is divided by 588?
3
What is the remainder when 403 is divided by 18?
7
Calculate the remainder when 84 is divided by 43.
41
Calculate the remainder when 125 is divided by 16.
13
Calculate the remainder when 112 is divided by 3.
1
What is the remainder when 793 is divided by 275?
243
What is the remainder when 78 is divided by 4?
2
Calculate the remainder when 212 is divided by 36.
32
What is the remainder when 301 is divided by 83?
52
What is the remainder when 264 is divided by 131?
2
Calculate the remainder when 1289 is divided by 185.
179
Calculate the remainder when 631 is divided by 211.
209
Calculate the remainder when 4439 is divided by 60.
59
What is the remainder when 136 is divided by 40?
16
Calculate the remainder when 293 is divided by 12.
5
Calculate the remainder when 872 is divided by 21.
11
What is the remainder when 412 is divided by 26?
22
Calculate the remainder when 255 is divided by 117.
21
What is the remainder when 382 is divided by 28?
18
What is the remainder when 40 is divided by 39?
1
What is the remainder when 176 is divided by 38?
24
Calculate the remainder when 21 is divided by 19.
2
Calculate the remainder when 472 is divided by 41.
21
What is the remainder when 127 is divided by 25?
2
Calculate the remainder when 735 is divided by 8.
7
Calculate the remainder when 620 is divided by 23.
22
Calculate the remainder when 57 is divided by 46.
11
What is the remainder when 552 is divided by 99?
57
Calculate the remainder when 16223 is divided by 19.
16
What is the remainder when 745 is divided by 84?
73
What is the remainder when 6277 is divided by 21?
19
What is the remainder when 6829 is divided by 7?
4
Calculate the remainder when 988 is divided by 110.
108
What is the remainder when 293 is divided by 158?
135
What is the remainder when 965 is divided by 57?
53
What is the remainder when 1055 is divided by 22?
21
What is the remainder when 2847 is divided by 57?
54
Calculate the remainder when 176 is divided by 45.
41
What is the remainder when 1158 is divided by 30?
18
What is the remainder when 27 is divided by 18?
9
Calculate the remainder when 1083 is divided by 83.
4
What is the remainder when 22 is divided by 5?
2
What is the remainder when 70 is divided by 40?
30
What is the remainder when 145 is divided by 21?
19
Calculate the remainder when 3837 is divided by 96.
93
Calculate the remainder when 2159 is divided by 180.
179
What is the remainder when 1072 is divided by 135?
127
Calculate the remainder when 14 is divided by 4.
2
What is the remainder when 1342 is divided by 89?
7
What is the remainder when 488 is divided by 99?
92
What is the remainder when 42 is divided by 34?
8
Calculate the remainder when 910 is divided by 72.
46
Calculate the remainder when 1545 is divided by 17.
15
Calculate the remainder when 706 is divided by 352.
2
What is the remainder when 290 is divided by 72?
2
Calculate the remainder when 87 is divided by 24.
15
What is the remainder when 1052 is divided by 149?
9
What is the remainder when 827 is divided by 27?
17
What is the remainder when 376 is divided by 27?
25
Calculate the remainder when 222 is divided by 15.
12
What is the remainder when 293 is divided by 44?
29
Calculate the remainder when 16 is divided by 6.
4
What is the remainder when 81 is divided by 42?
39
Calculate the remainder when 35 is divided by 22.
13
What is the remainder when 468 is divided by 67?
66
What is the remainder when 1263 is divided by 247?
28
What is the remainder when 210 is divided by 32?
18
Calculate the remainder when 490 is divided by 80.
10
Calculate the remainder when 100 is divided by 30.
10
Calculate the remainder when 238 is divided by 55.
18
Calculate the remainder when 53 is divided by 34.
19
What is the remainder when 241 is divided by 81?
79
What is the remainder when 154 is divided by 16?
10
Calculate the remainder when 89 is divided by 6.
5
Calculate the remainder when 3320 is divided by 123.
122
Calculate the remainder when 1487 is divided by 250.
237
Calculate the remainder when 4726 is divided by 24.
22
What is the remainder when 730 is divided by 11?
4
What is the remainder when 538 is divided by 36?
34
Calculate the remainder when 6279 is divided by 8.
7
Calculate the remainder when 3498 is divided by 320.
298
What is the remainder when 51503 is divided by 48?
47
What is the remainder when 3444 is divided by 157?
147
What is the remainder when 22359 is divided by 52?
51
What is the remainder when 1297 is divided by 13?
10
Calculate the remainder when 3070 is divided by 12.
10
Calculate the remainder when 3480 is divided by 166.
160
What is the remainder when 194 is divided by 86?
22
What is the remainder when 150 is divided by 72?
6
Calculate the remainder when 10333 is divided by 17.
14
Calculate the remainder when 3020 is divided by 72.
68
What is the remainder when 763 is divided by 45?
43
Calculate the remainder when 3839 is divided by 167.
165
Calculate the remainder when 556 is divided by 155.
91
What is the remainder when 12800 is divided by 37?
35
What is the remainder when 14203 is divided by 4?
3
What is the remainder when 2561 is divided by 255?
11
What is the remainder when 68079 is divided by 14?
11
What is the remainder when 384 is divided by 65?
59
What is the remainder when 166 is divided by 28?
26
What is the remainder when 61 is divided by 40?
21
What is the remainder when 2357 is divided by 29?
8
What is the remainder when 1109 is divided by 182?
17
Calculate the remainder when 2340